 = -96 - -132. What is the highest common factor of c and 18?
18
Let v be (-70)/(-1 + 1 + 1). Let n = v + 166. Calculate the highest common divisor of n and 12.
12
Suppose 0*f - 2*f + 2 = 0. Let i be f*(2 - 0) - 7. Let z(l) = -l**3 - 4*l**2 + 4*l. Let n be z(i). What is the highest common divisor of n and 45?
5
Let w be (15/6 - 0)/(2/12). Calculate the greatest common factor of 10 and w.
5
Let p = -13 - -25. Suppose -4*j = 5*g - 15, -5*g - 33 = -4*j - 8. Suppose 5*w + j*d = 440, w + 5*d + 232 = 4*w. Calculate the highest common divisor of w and p.
12
Suppose 2*h - 2 = -2*h - 3*i, -2*h - 5*i = 6. Suppose 0 = m + h*m - 108. What is the highest common divisor of m and 12?
12
Let g = 6 + -2. Let p(q) = 0*q - q + 2*q. Let r be p(g). What is the highest common factor of 6 and r?
2
Let d be (15/(-10))/(2/(-12)). Let v(i) = -i**2 + 17*i + 5. Let c be v(d). Calculate the greatest common factor of 7 and c.
7
Let i(n) = n - 4. Let a be i(13). What is the greatest common factor of 99 and a?
9
Suppose -4*c + 20 = 2*l, -l + 4*c + 9 = -1. Calculate the highest common factor of 20 and l.
10
Let p = -1 - 0. Let z be -1 + 1 + (-25)/p. Let v = z - 9. Calculate the greatest common factor of v and 176.
16
Let g be ((-28)/(-3))/(132/(-27) - -5). Calculate the greatest common factor of 12 and g.
12
Let d be (14/5)/((-12)/(-30)). Let a = -16 - -72. What is the greatest common divisor of a and d?
7
Let u(p) be the third derivative of p**6/120 - 7*p**5/60 + 3*p**4/8 - 2*p**3/3 + 2*p**2. Let k be u(6). What is the greatest common divisor of 126 and k?
14
Suppose 0 = q - 2 - 3. Suppose 16 = -2*t - q*i, 3*t + 14 = -4*i - i. Suppose -t*m + 9 + 11 = 0. What is the highest common factor of m and 80?
10
Suppose 8 = -2*z, 5*z + 124 = 5*t + 4*z. Calculate the greatest common factor of t and 36.
12
Suppose -4*w + 140 = w - 5*t, t = -4*w + 107. Suppose -y + 3 = -0*y, -3*n = -2*y - w. What is the greatest common divisor of n and 1?
1
Let l be 1/(-8) + (-342)/(-48). Calculate the greatest common divisor of 63 and l.
7
Suppose 4*m - 116 = 136. Calculate the greatest common factor of 9 and m.
9
Suppose -5*i + 1438 = -2*n, 0 = -4*i - i + 4*n + 1436. Calculate the highest common factor of i and 32.
32
Suppose -5*l + 255 = -60. Let c(o) = 2*o + 1. Let n be c(4). Calculate the highest common factor of l and n.
9
Let t be (1 + 2)*(-3)/(-3). Calculate the highest common divisor of t and 27.
3
Let b = -25 + 205. Let u(t) = 2*t + 4. Let h be u(8). What is the greatest common divisor of b and h?
20
Suppose -3*r = 6 + 30. Let c = -7 - r. Suppose -t - 18 = -5*h + 26, -3*h + c*t + 22 = 0. Calculate the greatest common divisor of h and 81.
9
Let i(r) = -r + 21. Let q be i(6). What is the greatest common divisor of 10 and q?
5
Suppose -2*c + 32 = -108. Calculate the greatest common divisor of c and 35.
35
Suppose 6*y - 132 = 4*y + 2*k, -y = -3*k - 72. Calculate the greatest common divisor of 7 and y.
7
Let z(p) = 4*p**2 - 4*p - 9. Let l be z(-2). Let i = 0 + 2. Suppose f + 3 = i*f. What is the highest common divisor of l and f?
3
Let n = -7 + 12. Let i(u) = 10*u. Let s be i(4). Suppose 35 + s = n*v. What is the highest common divisor of 6 and v?
3
Suppose m + 12 = 3*u + 2*u, -4*m = -12. Let y = 28 - u. What is the highest common divisor of 5 and y?
5
Let q = 2 - -2. Suppose 0*z + z - q = 0. Suppose 0 = -z*a - a + 455. What is the greatest common divisor of a and 13?
13
Let x = -3 - -11. Let y(r) = r + 10. Let w be y(-6). Calculate the highest common divisor of w and x.
4
Suppose 5*s + 28 = 2*m, 0 = -s + 3*m + m - 20. Let u = s + 7. Suppose -3*f = -4*w - 37, -u*w + w + 4 = 0. Calculate the greatest common divisor of 165 and f.
15
Suppose -3*p - 15 = 0, -5*a + 4*p + 32 = -2*a. Suppose -9*i = -14*i + 220. Calculate the highest common factor of a and i.
4
Suppose 3*f - 139 - 293 = 0. Let o = 10 + 6. What is the highest common divisor of f and o?
16
Let p be 1 + -3 + 1 + 11. Calculate the highest common factor of 30 and p.
10
Let q(o) = 4*o + 2*o - 4*o + 2. Let h be (4/(-10))/(1/(-5)). Let m be q(h). What is the greatest common factor of 6 and m?
6
Suppose 0*i - 5*s = -4*i - 1, 0 = -2*s - 6. Let f(j) = -j - 3. Let c be f(i). What is the greatest common divisor of c and 4?
1
Let f = 22 - 16. Calculate the highest common divisor of 15 and f.
3
Suppose 113 = j - 5*o, -j + 4*o + 57 + 51 = 0. Calculate the greatest common factor of 8 and j.
8
Suppose 5*h - 6 = 64. Let q = -106 + 162. What is the highest common factor of q and h?
14
Let k(h) = -h**2 + h + 6. Let v be k(0). Suppose -35 = -v*p + p. Calculate the highest common divisor of p and 56.
7
Suppose 0 = -5*v + 557 - 197. Suppose -3*f - c + 13 = -14, 0 = -4*f - 2*c + 38. What is the highest common divisor of v and f?
8
Let f(a) = 3*a**2 - 6*a + 6. Let y be f(3). Calculate the highest common divisor of 345 and y.
15
Let c(k) = 35*k**2 - 3*k + 2. Let p be c(3). Let a(u) = -u**2 - 11*u - 2. Let x be a(-5). Calculate the highest common factor of x and p.
28
Let q = 41 + -31. What is the highest common divisor of 70 and q?
10
Suppose 0*b = 3*b - 60. Calculate the highest common divisor of b and 320.
20
Let j(o) = -o**3 + 6*o**2 + o - 7. Let h be j(6). Let p be (90*-2)/(0 + h). Let i be ((-2)/(-4))/(3/p). What is the highest common divisor of 6 and i?
6
Suppose -w = -f - 3*f + 8, -3*w = 2*f + 10. Calculate the highest common divisor of 1 and f.
1
Let t be ((-9)/12)/(1/(-24)). Let q = t - 29. Let n(w) = -w**3 - 10*w**2 + 6*w - 5. Let f be n(q). Calculate the greatest common divisor of f and 20.
10
Let m be 6 - 0/(-1 + -1). Suppose 253 = m*g - 53. Calculate the greatest common divisor of g and 17.
17
Let g(r) = r**3 - r**2 + r + 73. Let i be g(0). Suppose 0 = -3*w + 5*q + i, 2*w - 26 - 14 = -q. What is the highest common divisor of w and 7?
7
Suppose -5*w - 5*k + 150 = -0*w, 4*w + 3*k = 116. Let u be 2/8 + 19/4. Let q be 25 + -2 + (u - 2). What is the highest common divisor of w and q?
26
Suppose -5*n + 44 = 4*j - 23, 4*j - 64 = -4*n. Let s = 0 + j. Let x = -69 - -134. What is the highest common factor of x and s?
13
Let f = -272 + -334. Let b be f/(-10) + 6/(-10). Calculate the greatest common factor of 20 and b.
20
Suppose 2*l + 95 = 3*g - 3*l, -5*l + 25 = g. What is the greatest common factor of 20 and g?
10
Suppose -4*g + 36 + 20 = 4*v, 5*v = 3*g - 66. Let c = -6 + g. What is the highest common divisor of 22 and c?
11
Let b(o) = 3*o + 4. Let l be b(-4). Let f(x) = -11*x. Let m be f(l). Let r be (-21 - 1)*1/(-2). Calculate the highest common factor of r and m.
11
Let w(x) = 3*x**2. Let t be w(-1). Suppose 2*h = 1 + t. Let r be (-3)/(-1)*10/h. Calculate the greatest common divisor of r and 6.
3
Let r be 2/(-4) + 30/(-4). Let n = 24 + r. Let z be 104 + -36 - (-2 - 6*-1). What is the highest common divisor of z and n?
16
Suppose 2*m - 2*n - 96 = 3*n, 0 = -4*m - 5*n + 132. Suppose m = f + 2. What is the greatest common divisor of f and 12?
12
Let t = -14 + 5. Let c = 11 + t. Calculate the highest common divisor of c and 8.
2
Let z = 185 - 49. What is the highest common factor of z and 17?
17
Let o(g) = 219*g + 1. Let s be o(1). Calculate the greatest common factor of s and 20.
20
Suppose -2*p - 3*a - 49 = -0*a, 0 = p + 5*a + 42. Let f = p - -28. Calculate the highest common divisor of 1 and f.
1
Suppose -4*w - 3*j + 4 = -31, -5*j + 5 = 0. What is the greatest common divisor of 176 and w?
8
Let o(w) = w**3 + 12*w**2 - 4*w - 14. Let s be o(-12). Calculate the greatest common factor of s and 51.
17
Suppose -5*h = -14 + 4, -3*s = 3*h - 156. Suppose g = -3*g. Suppose 4*c = 40 - g. Calculate the greatest common divisor of s and c.
10
Let r(x) = -x**3 + 15*x**2 - 15*x + 18. Let l be r(12). Calculate the greatest common factor of l and 108.
54
Suppose 5*i = 2*n + 242, -i = -2*n - n - 51. What is the highest common divisor of i and 32?
16
Let b(r) = 3*r - 3. Let j be b(10). Calculate the greatest common factor of j and 18.
9
Let w = 18 + -11. Suppose -w*q + 2*q = -30. What is the highest common divisor of 36 and q?
6
Let j = 7 - 13. Let n be 13 - -9*2/j. Calculate the highest common divisor of 15 and n.
5
Let z = -22 - -40. Let u = -44 - 9. Let j = u + 179. What is the highest common divisor of z and j?
18
Suppose -3*w - 6 = -4*w. Calculate the greatest common facto